prime factors of f(p).
5, 7
Let u be (8/12)/((-3)/(-9)). Suppose 1534 = 5*s - 2*y, 375 = u*s + y - 244. What are the prime factors of 2/(-3) + s/12?
5
Suppose -6*f - 9*f + 26505 = 0. List the prime factors of f.
3, 19, 31
Suppose x - 1 + 4 = -2*r, -5*x = -4*r + 15. Suppose r = -3*b - 5*d + 49, 0 = -2*b - 2*d + 6*d - 4. Let z = 8 + b. List the prime factors of z.
2
Suppose -3*m = -15, 4*x = -3*m + 1 + 38. Suppose 44 = -5*t + x*t. List the prime factors of t.
2, 11
Let n = 2824 + -1625. List the prime factors of n.
11, 109
List the prime factors of ((-5)/((-75)/1404))/((-18)/(-405)).
2, 3, 13
Suppose -3*u - 11 = 1. Let h be (-4 - (u - -11)) + 4. What are the prime factors of 157/7 - (-3)/h?
2, 11
Suppose -2*t + 0*t = -u - 4, 0 = 2*u + t + 8. What are the prime factors of (-13 - u)*105/(-9)?
3, 5, 7
Let b(m) = -3*m**3 + 10*m**2 + 49*m + 33. What are the prime factors of b(-12)?
3, 7, 17
Let o = 346 - -247. List the prime factors of o.
593
Let u = -5056 - -7153. List the prime factors of u.
3, 233
Let v = -247 + 469. What are the prime factors of v?
2, 3, 37
Let j(f) = 18*f**2 - f - 4. Let r be j(4). Suppose w + r = -3*w. List the prime factors of (-890)/w + (-2)/(-7).
13
Let k(g) = -3*g**2 - 55*g - 5. What are the prime factors of k(-6)?
7, 31
Let s(h) = 2*h**3 - 4*h**2 + 4. Let j be s(2). Let k = j + -5. List the prime factors of k - (-6)/3 - -35.
2, 3
Let a = -9 + -133. Let y = a - -211. List the prime factors of y.
3, 23
Let u = 813 + -173. Suppose -18*i = -13*i - u. List the prime factors of i.
2
Let q(b) = 99*b - 64. What are the prime factors of q(11)?
5, 41
Let l(p) = 38*p - 4. Let s(g) = 13*g - 1. Let h(r) = 4*l(r) - 11*s(r). List the prime factors of h(6).
7
Let v = 11 + -18. Let h be v/(3 - 2)*-4. Let q = h - 3. What are the prime factors of q?
5
Suppose -17 - 9 = -2*z. Let a(i) = -i**3 + 13*i**2 + 14*i - 11. Let f be a(z). Let l = f - 108. What are the prime factors of l?
3, 7
Let x = -107 - -276. What are the prime factors of x?
13
Let s(y) = -4*y**3 - 2*y**2 + 2*y + 3. Let n be s(-2). List the prime factors of n - (-2 - (-25)/5).
2, 5
Let w(d) = d**3 - 4*d**2 + 3*d + 3. Let s be w(3). Suppose -s*k - 2*i = -74, 0 = 2*k + 5*i - 50 + 19. Let l = k + -16. What are the prime factors of l?
2, 3
Let f(m) = 1972*m**2 - 5*m + 5. List the prime factors of f(1).
2, 17, 29
Let a(z) = z**3 - 19*z**2 - 5*z + 1 + 44*z**2 - 22*z**2. Let g be a(-4). Suppose v = 4*x + 36, g = 4*x + 1. List the prime factors of v.
2, 5
Let d = 5385 - 3173. List the prime factors of d.
2, 7, 79
Let u(z) be the first derivative of 19*z**3/3 + z**2 - 9*z + 18. What are the prime factors of u(3)?
2, 3, 7
Let m(y) = -3*y**3 + 6*y**2 + y - 12. Let c(j) = -j - 1. Let t be c(2). What are the prime factors of m(t)?
2, 3, 5
Suppose -175*p = -157*p - 75114. List the prime factors of p.
3, 13, 107
Suppose z + 6 - 8 = 0. Let w be (0/z)/(2/(-2)). Suppose -2*q + 6*q - 156 = w. What are the prime factors of q?
3, 13
Let v = 0 - -9. Let a be ((-66)/8)/(v/(-48)). List the prime factors of (-3)/((-6)/a*1).
2, 11
Let d(h) = -2*h**2 + 2. Let p be d(2). Let y(n) = -n. Let k(z) = 3*z - 9. Let l(t) = -k(t) - 2*y(t). What are the prime factors of l(p)?
3, 5
Let o(g) = 21*g**2 - 66*g + 620. List the prime factors of o(8).
2, 359
What are the prime factors of -8 + 2 - -1003 - (-10 - -5)?
2, 3, 167
Suppose -8*v + 2706 = -5934. What are the prime factors of v?
2, 3, 5
Let i(l) = 12*l + 37. Suppose -7*j = -2*j - 30. What are the prime factors of i(j)?
109
Let a = -5744 + 8216. List the prime factors of a.
2, 3, 103
Let t = 20 - 19. Let w = t - 21. Let x = w + 49. What are the prime factors of x?
29
Let v be (8 - 6) + 0 + 3. Suppose 4*z - 2*n = -7*n + 145, 55 = z - v*n. List the prime factors of z.
2, 5
Let q be 166/4 - 2/(-4). Let b be (2 - q) + 3 + -1. Let w = -23 - b. What are the prime factors of w?
3, 5
What are the prime factors of (11/((-66)/338))/(1/(-3))?
13
Let b(f) = -4*f**3 - 5*f**2 - 20*f + 6. Let g be b(-8). What are the prime factors of g/8 + (1 - 2)/(-4)?
3, 79
Suppose -5*h - 3*b = 2*b - 1505, -6 = -2*b. Suppose -8*y + h = -6*y. What are the prime factors of y?
149
Let t be 1542/(-18) + (-8)/6. What are the prime factors of 1/(-4 - t/21)?
7
Let g = 1128 - 226. List the prime factors of g.
2, 11, 41
Let y = 1894 + 458. List the prime factors of y.
2, 3, 7
What are the prime factors of (57/5)/((-65)/(-6825))?
3, 7, 19
Suppose -3*k - 447 = o - 101, -3*k - 330 = -3*o. What are the prime factors of (190/57)/(2/k*-1)?
2, 5, 19
Suppose 3*a + 6 = 0, 5*g - 5181 = 8*a - 5*a. List the prime factors of g.
3, 5, 23
Let t = 1435 - 766. List the prime factors of t.
3, 223
Suppose 14 = 2*d - 3*y - 3, -5*d + 32 = -4*y. Let p = d - -23. Suppose 0 = 5*j - p - 73. What are the prime factors of j?
2, 5
Suppose -2*i + 15 - 1 = 0. Suppose 4*q + i*r - 604 = 11*r, -10 = -5*r. What are the prime factors of q?
3, 17
Let k(a) = 2*a**3 + 14*a**2 - 2. Let y be k(-6). Let v = -5 + y. List the prime factors of v.
5, 13
Suppose 5*l - t + 5*t = 42, -2*l + 4*t = 0. Suppose 0 = 3*x - 2*j - 6, -5*x - 3*j = -2*j - 10. Suppose -x*s - 128 = -l*s. What are the prime factors of s?
2
List the prime factors of (-25)/(-150) - (58670/(-12))/5.
2, 3, 163
Suppose 2002 + 2457 = r + 3*k, -4 = 2*k. What are the prime factors of r?
5, 19, 47
Suppose 64*a - 381199 + 72783 = 0. List the prime factors of a.
61, 79
Let g = 6 - 4. Suppose 41 = g*i - m, -3*i - 2*m + 49 = -m. Let z = i + -11. List the prime factors of z.
7
Let c be 21/14 + (-2)/(-4). Let t(h) = 0*h - c*h + h + 10. What are the prime factors of t(0)?
2, 5
Let b be (-13965)/84 - (-2)/8. Let j = b - -237. What are the prime factors of j?
71
Let u(y) = -14*y + 440. Let k be u(0). Suppose -18*l = 4*l - k. What are the prime factors of l?
2, 5
Let l(a) = a**3 - 12*a**2 - 134*a - 44. What are the prime factors of l(23)?
2693
Let v be -35 - -5 - 3/(-3). Let z = 83 + v. What are the prime factors of z?
2, 3
Let o be (3 + 0)/1 - -21. Let u = -6 + o. Suppose -u - 10 = -x. List the prime factors of x.
2, 7
Let o = 5 + -3. Suppose 17 = 5*r - 3. List the prime factors of 236/8 + o/r.
2, 3, 5
Suppose 6*y - 2*y - 377 = 3*z, 4*y + 3*z = 359. Let j = y - 177. List the prime factors of 3/(-2) + j/(-10).
7
Let n = 582 + -123. List the prime factors of n.
3, 17
Let m = 171 + -97. Let v = m - 56. List the prime factors of v.
2, 3
Let f(q) = q**3 - 4*q**2 - 8*q + 9. Let h be f(5). Let x(u) = u**3 + 13*u**2 - 5*u - 9. Let z be x(h). Suppose -z = -4*d + 3. List the prime factors of d.
3, 23
What are the prime factors of (3908/10)/((30/(-25))/(-3))?
977
Suppose 0 = -2*a - 137 - 15. Let y be 4/6 - a/12. Suppose 2*q = 3*q - y. List the prime factors of q.
7
Let q(b) = b + 3. Let s be q(10). Let w = s + -16. What are the prime factors of (w*1)/((-21)/154)?
2, 11
Let j(p) = 2*p**2 + 4*p - 6. Let h = -41 + 34. What are the prime factors of j(h)?
2
What are the prime factors of (-18)/(-15) + 720852/215?
2, 3, 13, 43
Let z(r) = 50*r**3 + 3*r**2 - 2*r + 3. Let j be z(2). Suppose 5*p - 2*p + j = 0. Let w = -89 - p. List the prime factors of w.
2, 3
Suppose 2*g - 6 = u - 18, 3*u - 5*g = 31. Suppose -u*d + 6 = -d. Suppose 0 = 2*y - d*y + 60. List the prime factors of y.
3, 5
Let n(j) be the first derivative of 2*j**2 + 2*j - 5. Let s be n(3). List the prime factors of (-2)/(s/16 - 1).
2
What are the prime factors of 4 - (-146)/((-1022)/259 + 4)?
5, 541
Suppose 0 = 2*r + r + 18. Let b = r - -11. Suppose b*c - 34 = 3*c. List the prime factors of c.
17
Let n = 12 + -11. Suppose 4*w = 4*t, 2*w + n = 5*t - 2. Let f(i) = 12*i + 1. List the prime factors of f(t).
13
Let d = -3 - -6. Suppose -m + 1 - 4 = 0, 0 = 3*h - d*m - 21. List the prime factors of 2/(-4) + 50/h.
2, 3
Let r(j) = j**2 - 7*j - 13. Suppose -42 = -2*n - n. List the prime factors of r(n).
5, 17
Let i(n) = n**3 + 5*n**2 + 2*n + 59. What are the prime factors of i(14)?
37, 103
Let z(c) = -38 - c**2 + 38 + 2*c. Let w be z(-2). What are the prime factors of (w + 10)/(2/67)?
67
Let t = -1 + 2. Let s(h) = 105*h**2 + 2*h - 3. What are the prime factors of s(t)?
2, 13
Let j = -1066 + 1642. What are the prime factors of j?
2, 3
Let u(a) = -a**3 + 12*a**2 + 13*a. Let l be u(13). What are the prime factors of (-6 - -5) + (12 - l)?
11
Let a = -81 - -101. What 